. Let x = t - -214. Give h(x).
-2
Let l(q) be the first derivative of q**7/840 - q**6/360 - q**4/4 + 11*q**3 + 26. Let p(r) be the third derivative of l(r). Give p(0).
-6
Let r = 9 + -5. Let c(f) = 10*f**2 + 4*f + 13. Let n(h) = -2*h**2 - 2. Let j(x) = -c(x) - 6*n(x). What is j(r)?
15
Let j(n) = -n**3 - 37*n**2 - 39*n - 107. Suppose -24*m - 346 = 430 + 88. Give j(m).
1
Let y(x) = 62*x**2 - 35*x + 20. Let z(s) = -39*s**2 + 23*s - 13. Let n(j) = 5*y(j) + 8*z(j). Let t be (0/(1 + -2))/2. Suppose t = -i - i + 12. Give n(i).
-22
Let c(m) = -41*m - 56 - 43*m - 45*m + 110*m. Calculate c(-4).
20
Let x(f) = -25*f**2 + f - 6. Let j = 5517 + -5515. What is x(j)?
-104
Suppose 36*g + 4*g = 8*g - 128. Let s(a) = 2*a**2 - 10*a - 57. Give s(g).
15
Let f(b) = -30*b**2 - 20*b + 56*b**2 - 25*b**2 - 14 + 34. Determine f(14).
-64
Let m(z) be the third derivative of -z**5/30 - z**4/4 - 5*z**3/6 - 2430*z**2. What is m(-5)?
-25
Let q be 6/2 - (-1 - (-7 + 4)). Let x(k) = -2*k**3 + k**2 - 5*k + 1. Let v(u) = 3*u**3 - u**2 + 4*u - 1. Let w(c) = 3*v(c) + 2*x(c). What is w(q)?
5
Let a(t) be the third derivative of -2*t**2 + 11/24*t**4 + 0*t - 1/60*t**5 - 30 - t**3. Give a(10).
4
Let i(o) = o**3 - 5*o**2 - 20*o + 4. Let h(k) = -2*k**2 - 33*k - 118. Let t be h(-6). What is i(t)?
36
Suppose -4*l + g + 3*g - 400 = 0, 2*l = 5*g - 203. Let q be 12 - (14 - 7) - 106. Let d = q - l. Let a(b) = -2*b - 2. Give a(d).
2
Let s(k) = -k**2 + 4*k - 3. Let d = -59 - -66. Suppose -5*l + d*l = 16. Let x be (((-16)/l)/6)/((-1)/15). Give s(x).
-8
Suppose 97*y - 176*y + 106*y - 297 = 0. Let b(f) = -27*f + 294. Give b(y).
-3
Suppose 5*g = -3*h - 7, 21*g - 18*g + 4 = -2*h. Let j(n) = n**2 - 6*n - 5. Calculate j(g).
11
Let w(d) = -2*d**2 - 2. Let t(u) = -14 - 3*u**2 - 2*u + 3*u + 11. Let i(v) = -3*t(v) + 4*w(v). Determine i(2).
-1
Let y(g) = g**3 + 3*g**2 + 2*g + 3. Let j(h) = 3*h**3 + 5*h**2 + 3*h + 7. Let i = 292 + -290. Let r(k) = i*j(k) - 5*y(k). Determine r(6).
11
Let n(c) = c**3 - 2*c**2 + c. Let z be n(2). Let i(g) = -3*g - 2 + z*g + 0. Let x(j) = -5*j**2 + 75*j - 277. Let d be x(6). What is i(d)?
5
Let t(o) = 5*o + 2. Let h(i) = i**2 - 13*i + 10. Let w(n) = -n + 11. Let l be w(-1). Let f be h(l). Calculate t(f).
-8
Let q(p) = 6. Let a(y) = 0 + 30 + 26 - 14. Let z(t) = 2*a(t) - 15*q(t). Let i(x) = -x - 1. Let o(u) = i(u) - z(u). Give o(5).
0
Let u(i) be the first derivative of 1/3*i**3 - i - i**2 - 2. Suppose 3*z - 51*a - 6 = -53*a, a = -3. Give u(z).
7
Let r = 3731 + -3730. Let t(a) = -20*a**3 + 3*a**2 - 4*a + 2. Give t(r).
-19
Let n(v) be the first derivative of 7*v**2/2 - v - 2. Let g be -949 - 10 - (-3)/(2 + -1). Let y = 955 + g. What is n(y)?
-8
Let h(o) = 2 + 32*o**2 - 9431*o + 9431*o. Give h(-1).
34
Let z be ((-4)/80*-8)/((-4)/10). Let v(y) = 37*y**2 - 7*y + 2. Let u = 34 - 31. Let s(l) = -19*l**2 + 3*l - 1. Let a(c) = u*v(c) + 7*s(c). Calculate a(z).
-23
Let v = 22 - 14. Let m be 134/v - (-3 - (-55)/20). Suppose -m = 2*g - 19. Let z(y) = y - 2. Determine z(g).
-1
Let u be 530/65 + (123/(-39) - -3). Let p(r) = 2*r**3 - 11*r**2 - 43*r + 17. Let o be p(u). Let q(i) = -3*i - 16. Determine q(o).
5
Let o(a) = a**2 - 5*a + 3. Suppose -50 = b - 11. Let c be -30*((-2)/(-7) - b/(-63)). Suppose 2*t = 4*t - c. What is o(t)?
3
Suppose 9*b + 520 = 52. Let v = 49 + b. Let j be (v + 7/3)/(8/60). Let u(p) = p**3 + 5*p**2 + 2*p. What is u(j)?
-10
Suppose 5*w + 3 = 13. Let x be (-4)/((w - 1)/(-1)). Let u(z) be the second derivative of z**4/12 - 2*z**3/3 + 2*z**2 - 2211*z + 15. Give u(x).
4
Let a be (14/(-3))/(4*(-12)/72). Let r(k) = -4*k**3 - 23*k**2 - 47*k + 2. Let b(f) = 3*f**3 + 15*f**2 + 32*f - 1. Let v(l) = a*b(l) + 5*r(l). What is v(11)?
3
Let d(p) be the second derivative of -7 - 3/2*p**3 + 3/2*p**2 - 2*p + 1/12*p**4. What is d(6)?
-15
Let a = 8 + -16. Let o(p) = -4 - 9*p + 24486*p**2 + 1 - 24487*p**2 - 3. Give o(a).
2
Let l(c) = 27*c**3 - 3*c**2 - 3*c - 1. Let h = -15919 - -15918. Give l(h).
-28
Let m be 58/18 + (15 + -6 + -11)/9. Let o(v) = 2*v - 1. Calculate o(m).
5
Suppose 5*o - 3*y - 39 = -2*y, 0 = -4*o - 3*y + 16. Let c(f) = f**3 - 3*f**2 - 32*f + 25. Let h be c(o). Let l(i) = -4*i - 1. Give l(h).
11
Suppose 31*g - 249 = -714. Let p(o) = o**3 + 16*o**2 + 18*o + 19. Calculate p(g).
-26
Let d = 37 - 3. Suppose -d*a = -33*a + 4. Let r(m) = -m**2 + 5*m - 1. Determine r(a).
-37
Let t(u) = -u**3 - 13*u**2 - 6*u + 73. Suppose 11*q + 102 = 55 - 85. Give t(q).
1
Let u(l) = -13*l**3 - 12*l**2 - 11*l - 6. Let p(d) = -28*d**3 - 24*d**2 - 22*d - 11. Let r(b) = -6*p(b) + 13*u(b). Give r(-11).
-12
Let y(p) = 6*p + 27. Let n(i) = -2*i. Let h(d) = -6*d. Let q(t) = -2*h(t) + 5*n(t). Let o(f) = -2*q(f) + y(f). Calculate o(-14).
-1
Let n = -13 - -7. Let y(c) = 85*c**2 + 14*c + 17. Let j(t) = -12*t**2 - t - 2. Let g(l) = 7*j(l) + y(l). Determine g(n).
-3
Let r be (-19)/(380/(-56)) + (-2)/(-10). Suppose 0 = 5*w - 8*w - r. Let z(b) = 61*b. Let m(p) = 15*p. Let v(q) = 9*m(q) - 2*z(q). Give v(w).
-13
Let c = 443 + -443. Suppose -4*b - 3*t + 2*t - 9 = 0, c = -b - 4*t - 6. Let f(s) = 3*s + 2. What is f(b)?
-4
Let x(z) = 3 - 17 - 10*z + 12*z + 13 - 8 - z**3 - 4*z**2. Give x(-5).
6
Let s(j) be the second derivative of 2*j**2 + 0 - 1/4*j**4 + 3/20*j**5 - 41*j + 1/2*j**3. Let r(u) = u**3 + 1. Let o(b) = 4*r(b) - s(b). What is o(-4)?
-4
Let u(a) be the second derivative of a**6/360 + a**5/30 - a**4/8 - 61*a**3/6 + 2*a + 7. Let s(n) be the second derivative of u(n). Determine s(-8).
29
Let k(c) be the first derivative of -37*c**2/2 - 294*c + 3503. Determine k(-8).
2
Let b(k) be the third derivative of 3/2*k**3 + 0 + k**2 + 1/8*k**4 + k. Calculate b(-9).
-18
Suppose -20*o + 23*o - 5*f + 40 = 0, -6 = o + 2*f. Let q(g) = -6*g - 5. Give q(o).
55
Let f(m) = 3*m**3 + 3*m**2 - m. Suppose 6*u = 33*u + 108. Let b(g) = 2*g**3 + 2*g**2 - g. Let w(j) = u*f(j) + 5*b(j). Give w(2).
-26
Suppose -3*o + 3 = -2*z, 4*z - 534 = -2*o - 532. Let b(c) = 6*c**2 - c + 2. What is b(o)?
7
Let b(m) = 36*m - 26 + 47*m - 131*m + m**2 + 55*m + 21. Suppose -t - 3*n + 1 = -3, 2*t = 3*n - 28. Determine b(t).
3
Let p(y) = -2*y**2 - 40*y + 64. Let m be p(-22). Let b(g) = -9*g - 21*g + 4*g**2 - 5*g**2 + 22 + 7*g. Let a be b(m). Let r(d) = -d**2 + d + 2. Calculate r(a).
-4
Let t(c) = 19*c**2 - 8*c + 5. Let k(v) be the second derivative of -7*v**4/12 + v**3/2 - v**2 - 182*v. Let i(w) = -8*k(w) - 3*t(w). What is i(-1)?
0
Let q(m) be the third derivative of -m**4/3 + 8*m**3/3 - 97*m**2 + m. Determine q(-3).
40
Let n(o) = -o**2 + 12*o - 26. Suppose 14*v + 17*v - 288 + 71 = 0. Determine n(v).
9
Let j = 24 - 21. Let u(c) = -2*c**3 - c + 2. Let n(w) = 26*w**3 - 4*w**2 + 12*w - 24. Let y(t) = -n(t) - 12*u(t). What is y(j)?
-18
Let i(j) = -2*j**2 - 9*j**3 + 2 + 2*j**3 - 3*j**2 + 8*j**3 + j**2. Let c be 6/(-36) - (-50)/12. Give i(c).
2
Let k(h) = 514 + 116*h**2 - 629 + 22*h - 61*h**2 - 56*h**2. Calculate k(11).
6
Let r(b) = 1 - b + 0*b - 3*b. Let x = -8458 + 8456. What is r(x)?
9
Let m(n) = -17*n - 3647*n**2 + 7287*n**2 - 3620*n**2 + 20. Let t(h) = -11*h**2 + 9*h - 11. Let w(z) = 6*m(z) + 11*t(z). Determine w(-3).
-1
Let a(l) = 2*l - 110. Let r be 1/3*(2 - 2)/(840/168). Calculate a(r).
-110
Let g(v) be the third derivative of v**7/2520 + v**6/90 + v**5/30 - 2*v**2. Let h(m) be the third derivative of g(m). Suppose 17 + 18 = -5*n. Determine h(n).
-6
Let u(h) be the third derivative of -h**4/24 - 5*h**3/3 - 1430*h**2. Let a(q) = 6*q - 3*q - 3 - q. Let v be a(-3). What is u(v)?
-1
Let w(a) = -27*a + 5. Let o(u) = 28*u - 6. Suppose -4*n - 4*r = -6*r - 16, -5*r + 10 = 0. Let t(v) = n*w(v) + 4*o(v). Suppose 4*x + 0*x = -4. Determine t(x).
24
Let a(p) = -6*p + 3*p**2 - 6*p**2 - 7*p**2 + 9*p**2 + 6. Let c(g) = g**2 + 2*g - 3. Let k be c(0). Let s be 19/k + 4/(-6). Calculate a(s).
-1
Let f(n) = 4*n**3 + 42*n**2 + 4*n + 2. Let c(q) = 3*q**3 + 27*q**2 + 4*q + 2. Let j(a) = -3*c(a) + 2*f(a). What is j(4)?
-34
Let t(s) be the third derivative of -s**7/840 + s**6/180 - s**5/120 + s**4/12 - 9*s**3 + 9*s**2. Let k(v) be the first derivative of t(v). What is k(2)?
0
Let u(l) = l**3 + 6*l - 5. Let n be u(3). Let c(q) = 0*q**2 + 21 - n + q**2. Let w = -1 - -1. Give c(w).
-19
Let j(y) be the second derivative of -y**5/40 - y**4/8 - 4*y**3/3 - 2*y**2 + 48*y. Let k(l) be the second de